What is the highest common factor of 4 and c?
4
Let t be (-1628)/(-37) - 9*-1. Calculate the highest common divisor of 424 and t.
53
Let k(g) = -9*g + 66. Let s be k(-4). What is the highest common divisor of 34 and s?
34
Let t be (-2)/(26/221*2/(-4)). Suppose -w - 18 = -t. What is the highest common factor of 8 and w?
8
Suppose -14*n + 11*n = -15. Suppose 3*x = -0*m - m + 91, n*x + m - 155 = 0. Let t be -3*2*2/(-3). What is the greatest common divisor of t and x?
4
Suppose -400 = 3*w - 8*w. Suppose -5*a + 10 + 5 = -2*l, 35 = -4*l + 5*a. Let j be -1*204/l - (-48)/(-120). What is the highest common factor of j and w?
20
Let m = -857 + 922. Let n be 2 + (12 - 2) + 1. Calculate the highest common factor of n and m.
13
Let l be 36/(-2)*(-75)/(-9). Let v be l/(-20)*8/10. Calculate the greatest common factor of 18 and v.
6
Suppose -46*w = -47*w + 40. Suppose -3 = 2*v - 5*p - 33, -36 = -4*v + 4*p. Calculate the greatest common divisor of w and v.
5
Let n = -1036 - -1118. What is the greatest common factor of 2 and n?
2
Suppose 0 = -3*x - 30 - 162. Let h = -36 - x. Calculate the greatest common factor of 224 and h.
28
Let u = 80 - 44. Let f(r) = -r**3 + 13*r + 4. Let p be f(-4). Suppose 0 = -p*n + 12*n + 48. What is the highest common divisor of u and n?
12
Let b = 70 + -140. Let m = 190 + b. Calculate the highest common factor of 24 and m.
24
Let r(b) = 13*b**2 - 3*b - 3. Let l be r(-1). Calculate the greatest common factor of 247 and l.
13
Let q be 14/56 - (4 + (-1575)/20). What is the greatest common divisor of 105 and q?
15
Let b(a) = a**2 + 2*a. Let d be b(-2). Suppose d = 3*v - v - 90. Let r = -4725 + 4740. Calculate the highest common factor of v and r.
15
Let p(u) = u**2 + 2. Let h(b) = 7*b**2 + 20*b + 15. Let s(y) = h(y) - 6*p(y). Let t be s(-21). Calculate the highest common factor of 24 and t.
24
Let k(j) = -233*j - 136. Let d be k(-2). What is the greatest common factor of d and 25?
5
Let v = 5 + 18. Suppose -1403*k = -1393*k - 1840. Calculate the greatest common factor of v and k.
23
Let t = -25 - -39. Let f = 75 - 47. Let o = t + f. Calculate the greatest common divisor of o and 28.
14
Suppose 0 = j - 5*v + 3 - 32, 5 = -5*j - 5*v. Suppose 2*t + j*t = 18. Suppose t*a - 4*a = -3. What is the greatest common factor of a and 6?
3
Let u(b) = -b**3 + 8*b**2 + 6*b - 2. Let v be u(9). Let s = 89 + v. What is the highest common factor of s and 15?
15
Let v(s) = 39*s**2 - 2*s + 4. Let w be v(-2). Let x = w + -101. Calculate the highest common factor of x and 14.
7
Let a be (-2)/(-6) + (-134)/(-3). Suppose 12*t + 462 = 15*t. Let y be (-44)/t - (-37)/7. Calculate the greatest common factor of y and a.
5
Suppose -42*p = 630 - 1680. Calculate the highest common factor of 725 and p.
25
Suppose -y = -18 - 110. Suppose 2*a - y = -6*a. What is the greatest common factor of 16 and a?
16
Let o = -458 - -486. Calculate the highest common divisor of o and 32.
4
Suppose 0 = -4*m - 5*u + 1422, -4*m + 30*u = 32*u - 1428. Calculate the greatest common factor of m and 2.
2
Suppose 52*u = -6817 + 29905. Calculate the greatest common factor of u and 1924.
148
Let f be 9456/9 - (-16)/(-24). Suppose -3*q + f = 5*k, -4*q - 389 = -2*k + q. What is the highest common factor of k and 23?
23
Let k be -3 + (-4 - 114/(-2)). Calculate the greatest common factor of k and 2.
2
Let p be 14 - 10 - 8*-16. Let u = p - 69. Calculate the greatest common divisor of 9 and u.
9
Let v(j) = -16*j**3 - j**2 - 2*j - 1. Let c be v(-1). Let x = c - 12. Let h be -4*(-1)/x*6. What is the greatest common divisor of h and 6?
6
Let a be (26 - 1)*138/15. Let k(d) = 6*d + 20. Let m be k(12). What is the greatest common divisor of a and m?
46
Suppose -21 - 29 = -5*s. Let k(x) = 4*x**2 + 4*x - 1. Let r be k(6). Let z = r - 97. Calculate the highest common factor of s and z.
10
Suppose -2*l = 2*f - 5*f - 53, -2*l = f - 73. Let z be (l/4)/(6/24). Suppose 0 = 4*i - z - 6. Calculate the greatest common divisor of i and 70.
10
Let y(q) = -2*q**3 - 57*q**2 - 35*q - 101. Let x be y(-28). What is the highest common factor of 10 and x?
5
Let i = -103 + 141. Let u = 923 - 170. Let k = u - 487. Calculate the highest common divisor of k and i.
38
Let u = -739 + 747. Suppose 0 = 5*z - 38 - 2. Calculate the greatest common factor of z and u.
8
Let r be (5 + 65/(-10))*-4. Let w be (-42)/4*r/(-7). What is the greatest common factor of 81 and w?
9
Let z = 22 - 24. Let b be 56/(-12)*(z - 1). Let p be 4/5*665/b. Calculate the greatest common divisor of 57 and p.
19
Suppose -5*p + 2*w + 0*w + 175 = 0, -3*p + 4*w + 91 = 0. Let y be (-736)/(-20) - (-3)/15. Calculate the greatest common factor of y and p.
37
Let b be (-1884)/(-10) - (170/50 - 4). Calculate the greatest common divisor of 243 and b.
27
Let r be 3/(-1 + 15/6). Suppose -58 = 2*h - 2*g, -2*h - 2*g - 76 = r*g. Let u = -21 - h. What is the greatest common divisor of 11 and u?
11
Let n = 159 + -147. Suppose 0 = -3*s + 5*d - 64, 0 = -5*s + 3*d + 2*d - 90. Let q = 17 + s. What is the greatest common factor of q and n?
4
Suppose 128 = -5*y + 10*y + 4*z, -4*z = -5*y + 152. What is the highest common divisor of 84 and y?
28
Let m(r) = 2*r**2 + 10*r - 5. Let u be m(-6). Suppose -10*g + 30 = -u*g. What is the highest common factor of 5 and g?
5
Let q(n) = 16*n + 0*n - 13*n - 36. Let d be q(15). What is the highest common divisor of d and 72?
9
Suppose 0 = -c - 13 + 14. Let z be ((-45)/12)/(11/(-8) + c). Calculate the highest common factor of 4 and z.
2
Let f = -203 - -363. What is the greatest common factor of f and 10?
10
Let l(y) = y - 2. Let m be l(4). Suppose -3*f = m*f - 175. Suppose -11*x + 220 - 66 = 0. Calculate the greatest common divisor of f and x.
7
Let r be 1/3 + 24/9. Suppose -4*z = o - 0*o - 475, r*z - 5*o = 385. Calculate the highest common divisor of 30 and z.
30
Suppose 0*p = -4*c - 3*p + 37, 26 = 3*c + 4*p. Suppose 12 = 4*u - 0*u. Suppose -u*m - 115 = -325. Calculate the highest common divisor of c and m.
10
Let l = 312 + -285. Calculate the highest common factor of l and 216.
27
Suppose -10042 = -17*s - 3769. What is the highest common factor of s and 82?
41
Let h(g) = -36*g + 4. Let v be h(-3). Suppose -235 = -4*y + l, 0 = -5*y - 3*l - 130 + 445. Let t = v - y. What is the highest common divisor of 78 and t?
26
Let q be (-16344)/(-126) - (5/7 - 1). Let v = q + -30. Calculate the highest common factor of v and 40.
20
Let h be (15/2)/(2/4). Suppose -r - 6*j = -9*j - 2, 2*r + 5*j = 15. Let v be ((-6)/r)/((-22)/275). What is the highest common factor of h and v?
15
Suppose -552 + 642 = 18*h. Let u = 14 + -9. Suppose u*y = -5*x + 100, 2*x - 101 = -h*y + 2. Calculate the highest common divisor of y and 14.
7
Let r be 3*(-10)/18*-3. Suppose -2*y = -r*y + 6. Suppose y*n - 78 = 104. What is the highest common divisor of 13 and n?
13
Let c be (-4)/12 - (-803)/33. Calculate the greatest common factor of 312 and c.
24
Suppose -160*p + 151*p = -126. What is the highest common factor of p and 686?
14
Let z = 28 + -23. Suppose 23 + 15 = 5*n - 4*q, -3*n = -z*q - 28. What is the greatest common divisor of 54 and n?
6
Suppose 90 + 20 = 2*k. Let z(f) = -2*f**3 + 3*f**2 + 4*f. Let r be z(4). Let g = r + 75. What is the greatest common divisor of g and k?
11
Suppose -3*u - 4*o + 60 = 0, -43 = 5*u - 5*o - 143. Calculate the highest common divisor of 220 and u.
20
Suppose 0 = -4*z + 5*h + 31, 3*h = 4*z + 7*h - 40. Let o = -204 - -240. Calculate the highest common factor of z and o.
9
Let m = -2 - -12. Let t(s) = -s + 14. Let i be t(m). What is the highest common divisor of i and 10?
2
Suppose -u - 2*m - 8 = 0, 2*m - 5*m = 5*u + 5. Let z be u/((-4)/542) - -3. Let f = -93 - z. Calculate the greatest common factor of 70 and f.
35
Let d be 0 + (-1)/1 + 5. Let v = -72 - -58. Let i be v/3*(-2 + 12/(-21)). Calculate the highest common factor of d and i.
4
Let t be (111/2)/((-22)/(-88)). Let i = t + -206. Suppose 4*s - s + v = 44, 0 = -5*s - 2*v + 72. What is the greatest common divisor of i and s?
16
Suppose -20 = -3*y + 25. Let f = 29 - 27. Suppose -q - f*q + 135 = 0. What is the highest common divisor of y and q?
15
Let y(q) = 2*q**2 - 6*q - 2. Let b be y(-4). Suppose 9*d - b = 6*d. Suppose 385 = 4*a - 5*j, 2*a - 176 - 9 = j. What is the greatest common divisor of a and d?
